test common divisor of 112 and 95116?
28
Calculate the greatest common divisor of 74 and 226144.
74
What is the highest common factor of 739719 and 117?
9
What is the greatest common divisor of 253 and 101453?
253
Calculate the highest common divisor of 92 and 26358.
46
Calculate the highest common factor of 150117 and 429.
33
What is the highest common divisor of 810431 and 1832?
229
What is the greatest common divisor of 268 and 20837?
67
What is the highest common factor of 3925300 and 3400?
1700
Calculate the highest common divisor of 58497 and 153.
51
Calculate the highest common factor of 63426 and 1947.
33
Calculate the highest common factor of 4833752 and 1064.
1064
What is the highest common divisor of 184097 and 908?
227
Calculate the greatest common factor of 44330 and 18590.
1430
Calculate the greatest common divisor of 27013 and 51.
17
What is the highest common factor of 1438980 and 58?
58
Calculate the greatest common factor of 80 and 581310.
10
What is the highest common divisor of 2076684 and 5124?
732
What is the greatest common divisor of 385815 and 4895?
445
What is the highest common factor of 322431 and 93?
93
What is the greatest common factor of 2384 and 214262?
298
What is the greatest common factor of 32 and 275960?
8
What is the highest common factor of 4560 and 844080?
240
Calculate the highest common factor of 9 and 32139.
9
Calculate the greatest common divisor of 5439 and 8029.
259
Calculate the greatest common factor of 722 and 24567.
19
Calculate the greatest common factor of 27 and 1579689.
27
What is the highest common factor of 142140 and 4017?
309
Calculate the greatest common divisor of 700 and 54700.
100
Calculate the highest common divisor of 51 and 6895659.
51
What is the highest common factor of 56 and 208796?
28
Calculate the highest common divisor of 100 and 77975.
25
Calculate the highest common factor of 11395 and 1333.
43
What is the highest common factor of 11712 and 101748?
732
What is the highest common factor of 90 and 22707?
9
Calculate the highest common divisor of 986 and 1711.
29
Calculate the greatest common factor of 40888 and 893.
19
What is the greatest common factor of 33664 and 263?
263
What is the greatest common factor of 1582 and 3051?
113
Calculate the highest common divisor of 16704 and 512.
64
What is the highest common divisor of 18008 and 1024?
8
What is the greatest common factor of 987 and 3?
3
What is the highest common divisor of 134044 and 124?
124
Calculate the highest common factor of 16974 and 92.
46
What is the highest common divisor of 120016 and 130?
26
What is the greatest common divisor of 5617948 and 196?
196
What is the greatest common divisor of 582048 and 3870?
774
What is the greatest common divisor of 184960 and 850?
170
What is the highest common divisor of 17024 and 518?
14
Calculate the highest common factor of 13596 and 66792.
132
Calculate the highest common divisor of 88 and 33308.
44
Calculate the greatest common factor of 173820 and 240.
60
What is the greatest common divisor of 234758 and 214?
214
Calculate the highest common factor of 2436812 and 42.
14
Calculate the highest common divisor of 10624668 and 12.
12
What is the greatest common factor of 210 and 4785?
15
Calculate the greatest common divisor of 158063 and 26444.
601
Calculate the greatest common factor of 2320 and 13717.
29
Calculate the greatest common factor of 288 and 7848.
72
What is the greatest common factor of 16401 and 308?
77
Calculate the highest common factor of 149145 and 610.
305
What is the greatest common divisor of 183780 and 2820?
60
Calculate the greatest common divisor of 6641 and 87.
29
What is the highest common divisor of 408 and 235688?
136
Calculate the highest common divisor of 342 and 33174.
342
What is the highest common divisor of 75 and 211290?
15
What is the highest common divisor of 1009690 and 548?
274
Calculate the highest common divisor of 394 and 332536.
394
Calculate the highest common factor of 10783 and 526.
263
Calculate the greatest common factor of 12306 and 42.
42
What is the highest common divisor of 177849 and 189?
189
Calculate the highest common divisor of 2 and 1134202.
2
Calculate the highest common factor of 38950 and 5377.
19
Calculate the highest common divisor of 31110 and 11346.
366
Calculate the highest common divisor of 58 and 14168.
2
Calculate the highest common factor of 312 and 73464.
24
What is the highest common divisor of 16 and 1472128?
16
What is the highest common divisor of 656 and 1148?
164
Calculate the highest common factor of 27 and 12561.
3
Calculate the highest common factor of 63 and 629055.
63
What is the greatest common divisor of 24518 and 574?
82
What is the greatest common factor of 192606 and 9562?
1366
Calculate the greatest common divisor of 27864 and 999.
27
Calculate the greatest common factor of 20227 and 225361.
179
Calculate the greatest common divisor of 9963 and 12339.
27
Calculate the highest common divisor of 3272 and 12944.
8
What is the highest common divisor of 5 and 42715?
5
Calculate the greatest common factor of 368 and 25967.
23
Calculate the greatest common divisor of 6255 and 1440.
45
What is the greatest common divisor of 1510065 and 46?
23
Calculate the greatest common factor of 8 and 174.
2
Calculate the highest common factor of 54 and 7596.
18
What is the greatest common factor of 632784 and 192?
48
What is the greatest common factor of 1934933 and 91?
91
What is the greatest common divisor of 6094 and 319?
11
What is the greatest common factor of 36182 and 32518?
458
Calculate the greatest common factor of 2278 and 102.
34
Calculate the highest common divisor of 5392 and 376.
8
Calculate the greatest common divisor of 97140 and 60.
60
Calculate the highest common divisor of 14283 and 27.
27
Calculate the highest common factor of 1230 and 59910.
30
What is the greatest common divisor of 204 and 372028?
68
What is the greatest common factor of 60 and 1300680?
60
Calculate the highest common factor of 304 and 1445672.
152
Calculate the greatest common factor of 261137 and 34.
17
What is the greatest common factor of 976 and 34648?
488
Calculate the highest common factor of 21123 and 198.
9
What is the highest common factor of 273 and 1036?
7
What is the greatest common factor of 1904301 and 45?
9
What is the highest common factor of 13486917 and 183?
183
Calculate the greatest common divisor of 3 and 920469.
3
What is the highest common divisor of 24557 and 2938?
13
Calculate the highest common divisor of 160 and 6752.
32
Calculate the greatest common factor of 3096 and 420669.
387
What is the greatest common factor of 972 and 207684?
324
Calculate the highest common factor of 60 and 53180.
20
Calculate the greatest common divisor of 120008 and 2.
2
What is the greatest common divisor of 24984 and 216?
72
What is the greatest common divisor of 205 and 12833?
41
Calculate the greatest common divisor of 83529 and 18.
9
Calculate the greatest common factor of 573 and 4249941.
573
What is the highest common divisor of 792 and 21096?
72
Calculate the greatest common factor of 16530 and 283214.
1102
Calculate the highest common factor of 120 and 207780.
60
What is the highest common factor of 6572 and 1555921?
1643
Calculate the greatest common divisor of 34 and 336583.
17
What is the highest common divisor of 1330038 and 114?
114
Calculate the highest common factor of 9224 and 1616.
8
Calculate the highest common divisor of 111948 and 456.
228
What is the greatest common factor of 940 and 1690?
10
Calculate the highest common divisor of 348 and 1104.
12
What is the greatest common factor of 83 and 1611943?
83
Calculate the highest common factor of 6200 and 5975.
25
What is the highest common factor of 510 and 1962?
6
What is the highest common divisor of 6097 and 58357?
871
Calculate the greatest common factor of 1635 and 915.
15
Calculate the greatest common divisor of 63 and 1428.
21
Calculate the highest common divisor of 4268565 and 630.
315
Calculate the highest common divisor of 10990 and 49280.
70
What is the greatest common factor of 3584 and 294?
14
Calculate the highest common factor of 646 and 2839.
17
Calculate the highest common divisor of 296 and 234284.
148
What is the gr